0034?
7
What is the units digit of 4689927?
7
What is the thousands digit of 1529427?
9
What is the hundreds digit of 68548?
5
What is the hundreds digit of 16855?
8
What is the ten thousands digit of 137901?
3
What is the millions digit of 8051486?
8
What is the units digit of 6224045?
5
What is the units digit of 1077471?
1
What is the hundred thousands digit of 145093?
1
What is the hundreds digit of 1704735?
7
What is the hundred thousands digit of 801394?
8
What is the units digit of 18378702?
2
What is the millions digit of 2437803?
2
What is the units digit of 478954?
4
What is the thousands digit of 20238?
0
What is the millions digit of 1627582?
1
What is the thousands digit of 815340?
5
What is the units digit of 190981?
1
What is the units digit of 636990?
0
What is the units digit of 290540?
0
What is the hundreds digit of 16769882?
8
What is the ten thousands digit of 179604?
7
What is the tens digit of 14872?
7
What is the units digit of 2243732?
2
What is the units digit of 209499?
9
What is the hundreds digit of 5560735?
7
What is the tens digit of 237095?
9
What is the units digit of 1918016?
6
What is the hundreds digit of 230311?
3
What is the thousands digit of 22197159?
7
What is the tens digit of 3858880?
8
What is the ten thousands digit of 10425857?
2
What is the tens digit of 4163510?
1
What is the ten thousands digit of 13327?
1
What is the millions digit of 16415469?
6
What is the tens digit of 36934695?
9
What is the tens digit of 4358035?
3
What is the thousands digit of 22378465?
8
What is the thousands digit of 14619119?
9
What is the hundreds digit of 926321?
3
What is the hundred thousands digit of 40275891?
2
What is the ten thousands digit of 6680415?
8
What is the millions digit of 5757936?
5
What is the units digit of 725082?
2
What is the hundred thousands digit of 273419?
2
What is the ten thousands digit of 3574097?
7
What is the tens digit of 2959528?
2
What is the hundreds digit of 499509?
5
What is the tens digit of 228860?
6
What is the hundreds digit of 345580?
5
What is the thousands digit of 4775470?
5
What is the hundreds digit of 15816405?
4
What is the ten thousands digit of 244807?
4
What is the ten thousands digit of 994443?
9
What is the hundreds digit of 7000436?
4
What is the thousands digit of 482218?
2
What is the units digit of 791467?
7
What is the units digit of 321633?
3
What is the hundreds digit of 2224364?
3
What is the tens digit of 10305149?
4
What is the hundred thousands digit of 167893?
1
What is the tens digit of 94206?
0
What is the hundred thousands digit of 417029?
4
What is the tens digit of 766402?
0
What is the thousands digit of 2350416?
0
What is the units digit of 319007?
7
What is the hundreds digit of 3364318?
3
What is the hundred thousands digit of 214754?
2
What is the hundreds digit of 536487?
4
What is the tens digit of 674619?
1
What is the thousands digit of 6773413?
3
What is the hundred thousands digit of 193889?
1
What is the hundred thousands digit of 10103965?
1
What is the millions digit of 21666050?
1
What is the tens digit of 108791?
9
What is the thousands digit of 16767?
6
What is the tens digit of 5242747?
4
What is the ten millions digit of 30156944?
3
What is the units digit of 187526?
6
What is the hundreds digit of 466111?
1
What is the tens digit of 20096555?
5
What is the ten millions digit of 26493356?
2
What is the hundreds digit of 12354941?
9
What is the ten thousands digit of 9082398?
8
What is the tens digit of 497782?
8
What is the ten thousands digit of 2353175?
5
What is the units digit of 723436?
6
What is the tens digit of 4173140?
4
What is the hundreds digit of 20508339?
3
What is the ten thousands digit of 287555?
8
What is the thousands digit of 291981?
1
What is the units digit of 819722?
2
What is the ten thousands digit of 2933600?
3
What is the hundreds digit of 2559301?
3
What is the hundreds digit of 41496748?
7
What is the tens digit of 280887?
8
What is the units digit of 918263?
3
What is the tens digit of 6343959?
5
What is the thousands digit of 15179612?
9
What is the thousands digit of 585539?
5
What is the units digit of 131770?
0
What is the millions digit of 2041198?
2
What is the thousands digit of 494623?
4
What is the tens digit of 17791202?
0
What is the hundred thousands digit of 1072494?
0
What is the thousands digit of 30213?
0
What is the hundreds digit of 398576?
5
What is the ten thousands digit of 307856?
0
What is the hundred thousands digit of 204866?
2
What is the thousands digit of 28035?
8
What is the hundreds digit of 234542?
5
What is the thousands digit of 2814557?
4
What is the units digit of 1483651?
1
What is the ten thousands digit of 693766?
9
What is the tens digit of 75080?
8
What is the units digit of 3069220?
0
What is the tens digit of 2611975?
7
What is the units digit of 189083?
3
What is the hundreds digit of 594841?
8
What is the units digit of 5489859?
9
What is the ten millions digit of 16734514?
1
What is the units digit of 24872251?
1
What is the units digit of 58839?
9
What is the ten thousands digit of 116506?
1
What is the thousands digit of 9423009?
3
What is the millions digit of 8415609?
8
What is the tens digit of 7711991?
9
What is the units digit of 246156?
6
What is the tens digit of 10059673?
7
What is the thousands digit of 542083?
2
What is the tens digit of 212400?
0
What is the tens digit of 131059?
5
What is the ten thousands digit of 4521124?
2
What is the ten thousands digit of 214434?
1
What is the thousands digit of 453796?
3
What is the ten thousands digit of 191783?
9
What is the ten thousands digit of 472990?
7
What is the millions digit of 1278202?
1
What is the tens digit of 4854060?
6
What is the tens digit of 242100?
0
What is the tens digit of 1250687?
8
What is the thousands digit of 357527?
7
What is the units digit of 208555?
5
What is the ten thousands digit of 1619140?
1
What is the hundred thousands digit of 414488?
4
What is the hundreds digit of 148155?
1
What is the hundred thousands digit of 491792?
4
What is the ten thousands digit of 5467042?
6
What is the tens digit of 4720394?
9
What is the hundreds digit of 3764167?
1
What is the tens digit of 28596?
9
What is the units digit of 9540059?
9
What is the ten thousands digit of 259155?
5
What is the hundreds digit of 658235?
2
What is the units digit of 17967?
7
What is the units digit of 754405?
5
What is the hundred thousands digit of 487467?
4
What is the hundreds digit of 1424378?
3
What is the tens digit of 75896?
9
What is the hundreds digit of 231757?
7
What is the hundred thousands digit of 17318085?
3
What is the hundred thousands digit of 777577?
7
What is the hundred thousands digit of 4237340?
2
What is the hundreds digit of 34009451?
4
What is the hundreds digit of 1795530?
5
What is the ten thousands digit of 3651388?
5
What is the ten thousands digit of 7030295?
3
What is the tens digit of 9854058?
5
What is the hundred thousands digit of 1238259?
2
What is the hundred thousands digit of 107539?
1
What is the millions digit of 1092655?
1
What is the units digit of 3778091?
1
What is the thousands digit of 142361?
2
What is the hundreds digit of 363713?
7
What is the tens digit of 435891?
9
What is the ten thousands digit of 66725?
6
What is the tens digit of 1077047?
4
What is the units digit of 371329?
9
What is the units digit of 8056894?
4
What is the units digit of 2025825?
5
What is the ten thousands digit of 1309773?
0
What is the units digit of 383443?
3
What is the tens digit of 5571460?
6
What is the ten thousands digit of 13133341?
3
What is the hundreds digit of 18199549?
5
What is the tens digit of 2314597?
9
What is the thousands digit of 137598?
7
What is the hundred thousands digit of 23362157?
3
What is the ten thousands digit of 136308?
3
What is the thousands digit of 811319?
1
What is the thousands digit of 1283057?
3
What is the thousands digit of 554157?
4
What is the hundreds digit of 262195?
1
What is the tens digit of 5646342?
4
What is the hundred thousands digit of 1841588?
8
What is the units digit of 8408371?
1
What is the ten millions digit of 20926364?
2
What is the tens digit of 1785588?
8
What is the hundred thousands digit of 2820688